{"id":124,"date":"2020-05-29T01:34:34","date_gmt":"2020-05-29T01:34:34","guid":{"rendered":"http:\/\/icee-mexico.com\/index.php\/eb-courses\/"},"modified":"2020-08-06T01:04:10","modified_gmt":"2020-08-06T01:04:10","slug":"cursos-vigentes","status":"publish","type":"page","link":"https:\/\/icee-mexico.com\/index.php\/cursos-vigentes\/","title":{"rendered":"Cursos"},"content":{"rendered":"<h2>Cursos vigentes<\/h2>\n<p>ICEE ofrecemos formaci\u00f3n y asesor\u00eda en know how, diplomados, cursos y talleres, relacionados a la atenci\u00f3n, cuidado, educaci\u00f3n y desarrollo integral del ni\u00f1o de 0 a 12 a\u00f1os de edad, dirigidos a profesionistas y t\u00e9cnicos enfocados en el cuidado y la atenci\u00f3n de los ni\u00f1os (asistentes educativos, puericultistas, auxiliares educativos), lic. En educaci\u00f3n preescolar, m\u00e9dicos, enfermeras, pedagogos, psic\u00f3logos, terapeutas f\u00edsicos, terapeutas ocupacionales, terapeutas del lenguaje, as\u00ed como personal de estancias infantiles relacionadas con el cuidado y desarrollo de ni\u00f1os de 0 a 6 a\u00f1os y personas interesadas en la tem\u00e1tica.<\/p>\n<article><a href=\"http:\/\/icee-mexico.com\/index.php\/2020\/06\/14\/masaje-especializado-neonatal-infantil\/\" title=\"Masaje especializado neonatal e infantil\"><img loading=\"lazy\" decoding=\"async\" width=\"1920\" height=\"737\" src=\"http:\/\/icee-mexico.com\/wp-content\/uploads\/2020\/06\/Masaje-estimulacion.jpg\" alt=\"Masaje-estimulacion\" srcset=\"http:\/\/icee-mexico.com\/wp-content\/uploads\/2020\/06\/Masaje-estimulacion.jpg 1920w, http:\/\/icee-mexico.com\/wp-content\/uploads\/2020\/06\/Masaje-estimulacion-300x115.jpg 300w, http:\/\/icee-mexico.com\/wp-content\/uploads\/2020\/06\/Masaje-estimulacion-1024x393.jpg 1024w, http:\/\/icee-mexico.com\/wp-content\/uploads\/2020\/06\/Masaje-estimulacion-768x295.jpg 768w, http:\/\/icee-mexico.com\/wp-content\/uploads\/2020\/06\/Masaje-estimulacion-1536x590.jpg 1536w, http:\/\/icee-mexico.com\/wp-content\/uploads\/2020\/06\/Masaje-estimulacion-156x60.jpg 156w\" sizes=\"auto, (max-width: 1920px) 100vw, 1920px\"><\/a>\t\t\t<p><\/p>\n<h2>\n\t\t\t\t\t\t\t<a href=\"http:\/\/icee-mexico.com\/index.php\/2020\/06\/14\/masaje-especializado-neonatal-infantil\/\" title=\"Masaje especializado neonatal e infantil\"><br>\n\t\t\t\t\tMasaje especializado neonatal e infantil\t\t\t\t<\/a><br>\n\t\t\t\t\t\t\t<\/h2>\n<p>\t\t\t\tMasaje especializado neonatal e infantil Informaci\u00f3n b\u00e1sica Dirigido a Profesionistas y t\u00e9cnicos enfocados en el cuidado y la atenci\u00f3n de los ni\u00f1os: asistentes educativos, puericultistas, auxiliares educativos, lic. en educaci\u00f3n\u2026<br>\n\t\t\t<a href=\"http:\/\/icee-mexico.com\/index.php\/2020\/06\/14\/masaje-especializado-neonatal-infantil\/\" title=\"Leer m\u00e1s\">Leer m\u00e1s<\/a><\/p>\n<\/article>\n<article><a href=\"http:\/\/icee-mexico.com\/index.php\/2020\/06\/14\/especialidad-cuidadora-capacidades-diferentes\/\" title=\"Especialidad en cuidadora para ni\u00f1os con capacidades diferentes (monitor o sombra)\"><img loading=\"lazy\" decoding=\"async\" width=\"1920\" height=\"737\" src=\"http:\/\/icee-mexico.com\/wp-content\/uploads\/2020\/06\/Especialidad-handicap.jpg\" alt=\"Especialidad-handicap\" srcset=\"http:\/\/icee-mexico.com\/wp-content\/uploads\/2020\/06\/Especialidad-handicap.jpg 1920w, http:\/\/icee-mexico.com\/wp-content\/uploads\/2020\/06\/Especialidad-handicap-300x115.jpg 300w, http:\/\/icee-mexico.com\/wp-content\/uploads\/2020\/06\/Especialidad-handicap-1024x393.jpg 1024w, http:\/\/icee-mexico.com\/wp-content\/uploads\/2020\/06\/Especialidad-handicap-768x295.jpg 768w, http:\/\/icee-mexico.com\/wp-content\/uploads\/2020\/06\/Especialidad-handicap-1536x590.jpg 1536w, http:\/\/icee-mexico.com\/wp-content\/uploads\/2020\/06\/Especialidad-handicap-156x60.jpg 156w\" sizes=\"auto, (max-width: 1920px) 100vw, 1920px\"><\/a>\t\t\t<p><\/p>\n<h2>\n\t\t\t\t\t\t\t<a href=\"http:\/\/icee-mexico.com\/index.php\/2020\/06\/14\/especialidad-cuidadora-capacidades-diferentes\/\" title=\"Especialidad en cuidadora para ni\u00f1os con capacidades diferentes (monitor o sombra)\"><br>\n\t\t\t\t\tEspecialidad en cuidadora para ni\u00f1os con capacidades diferentes (monitor o sombra)\t\t\t\t<\/a><br>\n\t\t\t\t\t\t\t<\/h2>\n<p>\t\t\t\tEspecialidad en en cuidador(a) para ni\u00f1os con capacidades diferentes (monitor o sombra) Informaci\u00f3n b\u00e1sica Dirigido a Profesionistas y t\u00e9cnicos enfocados en el cuidado y la atenci\u00f3n de los ni\u00f1os: asistentes\u2026<br>\n\t\t\t<a href=\"http:\/\/icee-mexico.com\/index.php\/2020\/06\/14\/especialidad-cuidadora-capacidades-diferentes\/\" title=\"Leer m\u00e1s\">Leer m\u00e1s<\/a><\/p>\n<\/article>\n<article><a href=\"http:\/\/icee-mexico.com\/index.php\/2020\/06\/14\/especialidad-apertura-guarderias\/\" title=\"Especialidad en apertura de guarder\u00edas, centros de estimulaci\u00f3n temprana y jard\u00edn de ni\u00f1os (know how)\"><img loading=\"lazy\" decoding=\"async\" width=\"1920\" height=\"737\" src=\"http:\/\/icee-mexico.com\/wp-content\/uploads\/2020\/06\/Especializaci\u00f3n-Apertura.jpg\" alt=\"Especializaci\u00f3n-Apertura\" srcset=\"http:\/\/icee-mexico.com\/wp-content\/uploads\/2020\/06\/Especializaci\u00f3n-Apertura.jpg 1920w, http:\/\/icee-mexico.com\/wp-content\/uploads\/2020\/06\/Especializaci\u00f3n-Apertura-300x115.jpg 300w, http:\/\/icee-mexico.com\/wp-content\/uploads\/2020\/06\/Especializaci\u00f3n-Apertura-1024x393.jpg 1024w, http:\/\/icee-mexico.com\/wp-content\/uploads\/2020\/06\/Especializaci\u00f3n-Apertura-768x295.jpg 768w, http:\/\/icee-mexico.com\/wp-content\/uploads\/2020\/06\/Especializaci\u00f3n-Apertura-1536x590.jpg 1536w, http:\/\/icee-mexico.com\/wp-content\/uploads\/2020\/06\/Especializaci\u00f3n-Apertura-156x60.jpg 156w\" sizes=\"auto, (max-width: 1920px) 100vw, 1920px\"><\/a>\t\t\t<p><\/p>\n<h2>\n\t\t\t\t\t\t\t<a href=\"http:\/\/icee-mexico.com\/index.php\/2020\/06\/14\/especialidad-apertura-guarderias\/\" title=\"Especialidad en apertura de guarder\u00edas, centros de estimulaci\u00f3n temprana y jard\u00edn de ni\u00f1os (know how)\"><br>\n\t\t\t\t\tEspecialidad en apertura de guarder\u00edas, centros de estimulaci\u00f3n temprana y jard\u00edn de ni\u00f1os (know how)\t\t\t\t<\/a><br>\n\t\t\t\t\t\t\t<\/h2>\n<p>\t\t\t\tEspecialidaden apertura de guarder\u00edas, centros de estimulaci\u00f3ntemparana y jard\u00edn de ni\u00f1os (know how) Informaci\u00f3n b\u00e1sica Dirigido a Profesionistas y t\u00e9cnicos enfocados en el cuidado y la atenci\u00f3n de los ni\u00f1os:\u2026<br>\n\t\t\t<a href=\"http:\/\/icee-mexico.com\/index.php\/2020\/06\/14\/especialidad-apertura-guarderias\/\" title=\"Leer m\u00e1s\">Leer m\u00e1s<\/a><\/p>\n<\/article>\n<article><a href=\"http:\/\/icee-mexico.com\/index.php\/2020\/06\/14\/curso-tecnicas-grafo-plasticas-maternal-preescolar\/\" title=\"Curso de t\u00e9cnicas grafo-pl\u00e1sticas para la etapa maternal y preescolar\"><img loading=\"lazy\" decoding=\"async\" width=\"1920\" height=\"737\" src=\"http:\/\/icee-mexico.com\/wp-content\/uploads\/2020\/06\/Curso-Grafoplasticas.jpg\" alt=\"Curso-Grafoplasticas\" srcset=\"http:\/\/icee-mexico.com\/wp-content\/uploads\/2020\/06\/Curso-Grafoplasticas.jpg 1920w, http:\/\/icee-mexico.com\/wp-content\/uploads\/2020\/06\/Curso-Grafoplasticas-300x115.jpg 300w, http:\/\/icee-mexico.com\/wp-content\/uploads\/2020\/06\/Curso-Grafoplasticas-1024x393.jpg 1024w, http:\/\/icee-mexico.com\/wp-content\/uploads\/2020\/06\/Curso-Grafoplasticas-768x295.jpg 768w, http:\/\/icee-mexico.com\/wp-content\/uploads\/2020\/06\/Curso-Grafoplasticas-1536x590.jpg 1536w, http:\/\/icee-mexico.com\/wp-content\/uploads\/2020\/06\/Curso-Grafoplasticas-156x60.jpg 156w\" sizes=\"auto, (max-width: 1920px) 100vw, 1920px\"><\/a>\t\t\t<p><\/p>\n<h2>\n\t\t\t\t\t\t\t<a href=\"http:\/\/icee-mexico.com\/index.php\/2020\/06\/14\/curso-tecnicas-grafo-plasticas-maternal-preescolar\/\" title=\"Curso de t\u00e9cnicas grafo-pl\u00e1sticas para la etapa maternal y preescolar\"><br>\n\t\t\t\t\tCurso de t\u00e9cnicas grafo-pl\u00e1sticas para la etapa maternal y preescolar\t\t\t\t<\/a><br>\n\t\t\t\t\t\t\t<\/h2>\n<p>\t\t\t\tCurso de t\u00e9cnicas grafo-pl\u00e1sticas para la etapa maternal y preescolar Informaci\u00f3n b\u00e1sica Dirigido a Profesionistas y t\u00e9cnicos enfocados en el cuidado y la atenci\u00f3n de los ni\u00f1os: asistentes educativos, puericultistas,\u2026<br>\n\t\t\t<a href=\"http:\/\/icee-mexico.com\/index.php\/2020\/06\/14\/curso-tecnicas-grafo-plasticas-maternal-preescolar\/\" title=\"Leer m\u00e1s\">Leer m\u00e1s<\/a><\/p>\n<\/article>\n<nav>\n\t\t\t\t\t\t1<br>\n<a href=\"http:\/\/icee-mexico.com\/wp-admin\/admin-ajax.php?paged=2\">2<\/a><br>\n<a href=\"http:\/\/icee-mexico.com\/wp-admin\/admin-ajax.php?paged=3\">3<\/a><br>\n<a href=\"http:\/\/icee-mexico.com\/wp-admin\/admin-ajax.php?paged=2\">Next<\/a>\t\t\t\t\t<\/nav>\n<p>\t\t\t\t<!-- .obfx-grid-container --><!-- .obfx-grid -->\t\t<\/p>\n<p>[eb_courses categories=&#8221;&#8221; order=&#8221;DESC&#8221; per_page=&#8221;12&#8243; cat_per_page=&#8221;3&#8243; group_by_cat=&#8221;yes&#8221; horizontally_scroll=&#8221;yes&#8221; ]<\/p>\n\n\n<p><\/p>\n","protected":false},"excerpt":{"rendered":"<p>Cursos vigentes ICEE ofrecemos formaci\u00f3n y asesor\u00eda en know how, diplomados, cursos y talleres, relacionados a la atenci\u00f3n, cuidado, educaci\u00f3n y desarrollo integral del ni\u00f1o de 0 a 12 a\u00f1os de edad, dirigidos a profesionistas y t\u00e9cnicos enfocados en el cuidado y la atenci\u00f3n de los ni\u00f1os (asistentes educativos, puericultistas, auxiliares educativos), lic. En educaci\u00f3n &hellip; <\/p>\n","protected":false},"author":1,"featured_media":0,"parent":0,"menu_order":0,"comment_status":"closed","ping_status":"closed","template":"elementor_header_footer","meta":{"footnotes":""},"class_list":["post-124","page","type-page","status-publish","hentry"],"_links":{"self":[{"href":"https:\/\/icee-mexico.com\/index.php\/wp-json\/wp\/v2\/pages\/124","targetHints":{"allow":["GET"]}}],"collection":[{"href":"https:\/\/icee-mexico.com\/index.php\/wp-json\/wp\/v2\/pages"}],"about":[{"href":"https:\/\/icee-mexico.com\/index.php\/wp-json\/wp\/v2\/types\/page"}],"author":[{"embeddable":true,"href":"https:\/\/icee-mexico.com\/index.php\/wp-json\/wp\/v2\/users\/1"}],"replies":[{"embeddable":true,"href":"https:\/\/icee-mexico.com\/index.php\/wp-json\/wp\/v2\/comments?post=124"}],"version-history":[{"count":20,"href":"https:\/\/icee-mexico.com\/index.php\/wp-json\/wp\/v2\/pages\/124\/revisions"}],"predecessor-version":[{"id":598,"href":"https:\/\/icee-mexico.com\/index.php\/wp-json\/wp\/v2\/pages\/124\/revisions\/598"}],"wp:attachment":[{"href":"https:\/\/icee-mexico.com\/index.php\/wp-json\/wp\/v2\/media?parent=124"}],"curies":[{"name":"wp","href":"https:\/\/api.w.org\/{rel}","templated":true}]}}